 and d.
1
Let h be ((-3)/9)/(5 + 26340/(-5265)). Calculate the greatest common factor of 7137 and h.
117
Suppose -2*x = 29*r - 27*r - 28, r + 3*x - 14 = 0. What is the highest common divisor of r and 35?
7
Let l(p) = -6*p - 28. Let u be l(-10). Suppose 7*d = 2*d + 1295. Suppose 134 = 2*j - 2*r, r + d = j + 3*j. What is the highest common divisor of j and u?
32
Suppose 4*v = 3*z + 2344, -5*v = -238*z + 243*z - 3000. What is the greatest common factor of v and 296?
296
Suppose 6*b = 57 + 495. Let v(m) = -92*m - 1100. Let o be v(-12). What is the greatest common factor of b and o?
4
Let y be (1 - 0)/(((-1)/2277)/((-32)/96)). What is the greatest common factor of 851 and y?
23
Suppose 76 = -4*c - 60. Let f = -11 - c. Let k be 2/11 + (-6066)/(-33). What is the greatest common factor of k and f?
23
Let w(n) be the second derivative of -11*n**3/6 - 49*n**2 + 61*n. Let x be w(-34). Calculate the greatest common factor of 345 and x.
69
Suppose -5*i = 40*m - 43*m + 1751, -4*i + 1160 = 2*m. What is the greatest common divisor of 84 and m?
6
Let l(j) = 19*j + 21. Let m be (1/(-2))/(-1) + 1807/278. Let c be l(m). Calculate the highest common factor of c and 56.
14
Let l(c) = -8*c - 9. Let a be l(-6). Let s = -36 + a. Suppose -8 = -w - s. Calculate the greatest common factor of w and 5.
5
Suppose -16*i + 1057 = -479. Let x be (-20)/4*i/(-60). Suppose 5*k = 2*h - 71, 2*k - 38 = -h - 16. What is the highest common divisor of h and x?
4
Let a = 71854 - 71834. Let g(d) = 3*d**2 - 3. Let w be g(4). What is the greatest common divisor of a and w?
5
Let q be (-54)/(-2) - (14 + -19). Suppose -52 - q = -4*h. Suppose -h*a + 18*a + 6 = 0. What is the greatest common divisor of 9 and a?
1
Let v be (0*(-2)/4)/1. Let b(g) = -g**2 - 2*g + 16. Let x be b(v). Let d be (-4)/14 + (-452)/(-14). Calculate the greatest common factor of x and d.
16
Let h be -152*(-1)/(-44)*-33. What is the highest common divisor of 51072 and h?
114
Let k be ((-11)/(33/9))/(6/20). Let x be ((-1)/((-15)/126))/((-2)/k). Calculate the highest common divisor of x and 6.
6
Let i(j) = j**3 - 4*j**2 + 7*j - 22. Let d be i(4). Suppose 5*u - d = 5*h - 31, 4*h - 27 = -3*u. Calculate the greatest common divisor of 42 and h.
6
Let x(g) = 8*g**2 + 30*g + 85. Let n be x(-8). Let l(s) = -s**2 + 12*s - 14. Let y be l(7). Calculate the highest common factor of n and y.
21
Suppose p - 44 = 33. Let g = 23237 - 23215. What is the highest common factor of g and p?
11
Suppose -10744*h + 10696*h + 1229040 = 0. Calculate the highest common divisor of 45 and h.
45
Let j be 4 + 9 + -82*4/(-8). What is the highest common factor of j and 69?
3
Let r = -69 - -128. Let j be (5/25)/((-15)/(-25) - 1/2). Calculate the highest common factor of j and r.
1
Suppose -21*o + 288 - 99 = 0. Let d be (-2)/8 - 63/(-28). Suppose d*z - 2*b = z + 30, 5*z - 5*b = 165. What is the highest common factor of z and o?
9
Let g = 432 - 348. What is the greatest common factor of g and 378?
42
Let m be 270/324 + (-289)/(-6). Let p be ((-6)/7)/(m/(-10290)). Calculate the greatest common factor of p and 20.
20
Let a(i) = 36*i - 23 - 25*i**3 + 48*i**3 - 24*i**3 - 17*i**2. Let k = -14 - 5. Let n be a(k). What is the highest common divisor of n and 195?
15
Let q(i) = 52*i**2 + 3*i + 2. Let x be q(-1). Let a = -46 + x. Suppose 5*g + 4 = n, -a*n + 4*n = g - 28. What is the greatest common divisor of 6 and n?
6
Let b = 318 + -323. Let j(u) = -u**2 - 15*u. Let w be j(b). Calculate the highest common divisor of w and 40.
10
Let r be 24 - ((-38)/16 - 21/(-56)). Let x = 13 + r. Calculate the highest common factor of x and 13.
13
Let u be (-9)/33 - 17/1122*-1866. What is the greatest common divisor of 72 and u?
4
Let u(o) = -1432*o**3 + 2*o + 2. Let t be u(-1). Calculate the highest common factor of t and 16.
8
Suppose 333778 = 94*t + 116502 - 110314. Calculate the highest common divisor of 410 and t.
205
Suppose 0 = 3*u - u - 10, 94 = 4*x + 2*u. Let t be ((-98)/x)/(1*1/(-15)). Let l = t - 59. What is the greatest common factor of 1 and l?
1
Let m be (3 - (-7)/(-2))/(((-91)/64584)/7). What is the highest common divisor of m and 18?
18
Suppose 27*t - 877 - 2984 = 0. What is the highest common divisor of 264 and t?
11
Let h(a) = 29*a**2 + 170*a - 25. Let v be h(9). Calculate the greatest common factor of 940 and v.
94
Let r = 15047 + -14870. Let h(i) = -i**3 + i**2 + 118. Let k be h(0). What is the greatest common divisor of r and k?
59
Suppose 5*u = -5*t + 41355, 7873 = -5*t - u + 49252. Calculate the highest common factor of 62 and t.
31
Let a be -4 - (582/(-15))/((-12)/(-180)). Calculate the greatest common factor of a and 646.
34
Suppose 0 = -10*d + 27*d - 68. Suppose 211 = 3*u - k, 231 = d*u - 3*k - 57. Calculate the highest common divisor of u and 46.
23
Let y be 4*((-10101)/28)/(-13). Suppose -2*p - y = -2*s + 19, 2*p + 194 = 3*s. Calculate the greatest common factor of s and 12.
4
Let d be 28 - (97/(-9) + (-250)/1125). Calculate the greatest common factor of d and 9919.
13
Suppose 5*x - 775 = -140. Let y(n) = 2*n**2 + 15*n - 8. Let j be y(-15). Let s = j - x. What is the highest common factor of s and 18?
18
Suppose 726*a = 731*a - 5130. What is the highest common factor of 38 and a?
38
Let p(b) = b - 5. Let y(n) = n - 6. Let v(l) = -3*p(l) + 2*y(l). Let z be v(2). Let x be 10 + -5 + (-1 - z). Calculate the greatest common factor of x and 3.
3
Let a be (1 - -324)/(3 + -4). Let g be (4 + -5)/(5/(a/5)). What is the greatest common factor of g and 91?
13
Let p = 2241 - -3060. Suppose 0 = 29*g - 20*g - p. What is the greatest common factor of g and 38?
19
Suppose -4*p - 1260 = -39*p. Calculate the highest common factor of p and 2421.
9
Let h = 3258 - 3203. What is the greatest common divisor of h and 1067?
11
Suppose 0 = 2*i + 2*f - 3*f + 1, 0 = 5*i - 5*f + 5. Let z be i + (-272)/(2 + -4). Suppose -255*u = -50*u - 3485. What is the greatest common divisor of z and u?
17
Let t = 148 + 76. Suppose -f + 2*w + 74 = 0, -3*w + 6*w - 204 = -3*f. What is the greatest common divisor of f and t?
14
Let m = -122 + 137. Let d = 771 + -531. Calculate the greatest common divisor of d and m.
15
Suppose 5*w = 4*w. Suppose f = -2*p + 6*p + 23, w = -5*f - p + 31. Suppose -f*i - 63 = -10*i. What is the highest common factor of 6 and i?
3
Let o(y) = y**3 - y**2 - y + 96. Let r be o(0). Suppose 4*j = -2*j + 432. Suppose 24*f = 18*f + j. Calculate the greatest common factor of f and r.
12
Let g = -94 + -299. Let h = g + 424. Calculate the greatest common divisor of 155 and h.
31
Let y be -1*2 + 948/(-3). Let f = -213 - y. Let o = 38 - 17. What is the greatest common divisor of f and o?
21
Let h(o) = -2*o**3 - 6*o**2 + 6*o - 4. Let y be h(-6). Suppose i - 4*s - 69 = -29, -i + 3*s = -38. What is the greatest common factor of i and y?
16
Let t(u) = u**2 + 20*u - 10. Let k be t(10). What is the greatest common divisor of 50 and k?
10
Let r be (-3 - ((-25)/10 - 2))*14. Let i = 681 + -408. Calculate the greatest common factor of i and r.
21
Let x be (4 - 1 - 7)/(36/54 + -2). What is the greatest common factor of 1347 and x?
3
Let z = -9518 + 9533. Calculate the highest common factor of z and 4155.
15
Let w(a) = a + 2. Let t be w(3). Suppose -2*q + 9 = -5*u - 9, t*q - 64 = 3*u. Let b be 15/35 - (-918)/q. Calculate the highest common divisor of 33 and b.
33
Suppose a + a - 560 = 0. Let q be ((-53766)/29)/(-18) - 23. Calculate the greatest common divisor of q and a.
40
Suppose 9*b = 5*b + 284. Let q = b + -51. Calculate the greatest common factor of 45 and q.
5
Let t be (-40)/(-100) - 153/(-5). Suppose -w + t = 25. What is the highest common divisor of 8 and w?
2
Suppose 3*f - 109*n + 104*n = 329, -f + 107 = -3*n. Suppose 0 = w - 1165 - 643. What is the greatest common factor of f and w?
113
Let x be 8973/24 - (-3)/24. What is the greatest common divisor of 33 and x?
11
Let m = 305 - -1. Let o(b) = -2*b**2 + b + 87. Let v be o(-6). What is the highest common divisor of m and v?
9
Let t = -2205 + 2262. Let g be (-6)/10 + (-1143)/(-5). What is the highest common divisor of g and t?
57
Let i = 296 + -797. Let f be (-32)/(-208) + i/(-39). Let p(c) = 116*c**3 + c**2 + c - 1. Let l be p(1). Calculate the highest common factor of l and f.
13
Suppose 4*x - 5*n = 484, 0 = -3*x - 0*x - 3*n + 363. S